 is the millions digit of 7186069?
7
What is the hundreds digit of 8169137?
1
What is the hundreds digit of 6800?
8
What is the hundred thousands digit of 251791?
2
What is the hundred thousands digit of 11176595?
1
What is the hundreds digit of 358696?
6
What is the units digit of 3533374?
4
What is the tens digit of 2109240?
4
What is the units digit of 1664987?
7
What is the thousands digit of 85748?
5
What is the tens digit of 959999?
9
What is the millions digit of 2078731?
2
What is the millions digit of 1932925?
1
What is the thousands digit of 22417?
2
What is the thousands digit of 591462?
1
What is the hundred thousands digit of 1259451?
2
What is the hundred thousands digit of 5128589?
1
What is the tens digit of 712254?
5
What is the hundred thousands digit of 4725350?
7
What is the hundreds digit of 25791?
7
What is the ten thousands digit of 257440?
5
What is the units digit of 27839319?
9
What is the hundreds digit of 2417411?
4
What is the units digit of 147719?
9
What is the hundreds digit of 4412555?
5
What is the hundreds digit of 76525?
5
What is the thousands digit of 2367615?
7
What is the ten thousands digit of 878454?
7
What is the tens digit of 364002?
0
What is the hundred thousands digit of 1431877?
4
What is the hundred thousands digit of 3779318?
7
What is the hundreds digit of 412413?
4
What is the tens digit of 19178439?
3
What is the hundred thousands digit of 1938566?
9
What is the ten thousands digit of 411153?
1
What is the units digit of 3433?
3
What is the hundred thousands digit of 3033277?
0
What is the millions digit of 14677224?
4
What is the thousands digit of 49100?
9
What is the thousands digit of 3554961?
4
What is the ten thousands digit of 5263075?
6
What is the units digit of 784499?
9
What is the hundred thousands digit of 5830860?
8
What is the units digit of 709196?
6
What is the tens digit of 116098?
9
What is the ten thousands digit of 3045919?
4
What is the hundreds digit of 11265880?
8
What is the hundreds digit of 28626281?
2
What is the hundreds digit of 21555482?
4
What is the millions digit of 7214278?
7
What is the thousands digit of 1524524?
4
What is the hundred thousands digit of 609819?
6
What is the tens digit of 96363?
6
What is the units digit of 6707350?
0
What is the hundred thousands digit of 155363?
1
What is the hundreds digit of 24176200?
2
What is the ten thousands digit of 1317377?
1
What is the hundred thousands digit of 1087073?
0
What is the thousands digit of 29097?
9
What is the millions digit of 20613112?
0
What is the tens digit of 206514?
1
What is the units digit of 6832310?
0
What is the thousands digit of 1370919?
0
What is the ten thousands digit of 163443?
6
What is the tens digit of 1893973?
7
What is the hundred thousands digit of 9655568?
6
What is the ten thousands digit of 5442143?
4
What is the tens digit of 907556?
5
What is the units digit of 2205123?
3
What is the units digit of 47854?
4
What is the ten thousands digit of 33136?
3
What is the hundreds digit of 10790762?
7
What is the millions digit of 1484725?
1
What is the ten thousands digit of 2388356?
8
What is the tens digit of 2563875?
7
What is the ten thousands digit of 9175249?
7
What is the thousands digit of 2361?
2
What is the thousands digit of 7875834?
5
What is the ten thousands digit of 3395827?
9
What is the millions digit of 26278979?
6
What is the hundreds digit of 8470570?
5
What is the thousands digit of 4633349?
3
What is the hundred thousands digit of 3553194?
5
What is the hundreds digit of 7483971?
9
What is the ten thousands digit of 402056?
0
What is the hundred thousands digit of 1930631?
9
What is the millions digit of 7717039?
7
What is the ten thousands digit of 1313385?
1
What is the units digit of 270976?
6
What is the thousands digit of 78613?
8
What is the tens digit of 8641324?
2
What is the tens digit of 18647955?
5
What is the units digit of 1287906?
6
What is the hundred thousands digit of 823815?
8
What is the ten millions digit of 11989481?
1
What is the ten millions digit of 38670689?
3
What is the hundreds digit of 364554?
5
What is the ten thousands digit of 8369810?
6
What is the hundred thousands digit of 321784?
3
What is the millions digit of 4209992?
4
What is the thousands digit of 2942?
2
What is the tens digit of 5871735?
3
What is the millions digit of 1458260?
1
What is the ten thousands digit of 623712?
2
What is the hundreds digit of 2326610?
6
What is the thousands digit of 19294?
9
What is the units digit of 3621873?
3
What is the thousands digit of 121321?
1
What is the tens digit of 1141053?
5
What is the ten thousands digit of 424444?
2
What is the thousands digit of 59938?
9
What is the millions digit of 20692235?
0
What is the hundreds digit of 1935659?
6
What is the ten thousands digit of 3134392?
3
What is the tens digit of 14853356?
5
What is the units digit of 2520123?
3
What is the tens digit of 3200642?
4
What is the tens digit of 548454?
5
What is the units digit of 73674?
4
What is the tens digit of 2044525?
2
What is the hundreds digit of 326626?
6
What is the ten thousands digit of 540798?
4
What is the tens digit of 5111?
1
What is the hundreds digit of 4192236?
2
What is the units digit of 61415?
5
What is the units digit of 318817?
7
What is the hundreds digit of 3380279?
2
What is the thousands digit of 3009221?
9
What is the thousands digit of 284936?
4
What is the thousands digit of 2507504?
7
What is the ten thousands digit of 98097?
9
What is the units digit of 3273732?
2
What is the ten thousands digit of 902306?
0
What is the hundreds digit of 6342873?
8
What is the hundred thousands digit of 1676364?
6
What is the thousands digit of 1183568?
3
What is the units digit of 8231378?
8
What is the hundreds digit of 7547317?
3
What is the ten thousands digit of 2206129?
0
What is the thousands digit of 286809?
6
What is the hundred thousands digit of 5920773?
9
What is the tens digit of 3762?
6
What is the thousands digit of 490092?
0
What is the units digit of 514802?
2
What is the units digit of 580850?
0
What is the units digit of 8893?
3
What is the hundreds digit of 863095?
0
What is the hundred thousands digit of 4349778?
3
What is the ten millions digit of 24382331?
2
What is the tens digit of 18703725?
2
What is the units digit of 155779?
9
What is the tens digit of 999240?
4
What is the millions digit of 1047551?
1
What is the units digit of 3258894?
4
What is the millions digit of 1225066?
1
What is the hundred thousands digit of 6084244?
0
What is the tens digit of 5468508?
0
What is the millions digit of 5279931?
5
What is the hundreds digit of 349870?
8
What is the thousands digit of 2713004?
3
What is the tens digit of 6013944?
4
What is the hundreds digit of 11576045?
0
What is the units digit of 567013?
3
What is the hundreds digit of 8509816?
8
What is the tens digit of 104296?
9
What is the tens digit of 14343140?
4
What is the thousands digit of 139406?
9
What is the tens digit of 2217322?
2
What is the ten thousands digit of 1489937?
8
What is the thousands digit of 588429?
8
What is the units digit of 137177?
7
What is the ten thousands digit of 1002174?
0
What is the hundreds digit of 21863347?
3
What is the thousands digit of 8437578?
7
What is the thousands digit of 789143?
9
What is the ten thousands digit of 11944?
1
What is the hundreds digit of 883177?
1
What is the tens digit of 395003?
0
What is the thousands digit of 2759879?
9
What is the hundreds digit of 29612040?
0
What is the thousands digit of 31977?
1
What is the ten thousands digit of 3052566?
5
What is the hundreds digit of 137744?
7
What is the tens digit of 16553122?
2
What is the hundreds digit of 152213?
2
What is the ten thousands digit of 13605267?
0
What is the ten thousands digit of 201911?
0
What is the ten thousands digit of 212514?
1
What is the thousands digit of 3990086?
0
What is the ten thousands digit of 199580?
9
What is the hundreds digit of 64060?
0
What is the thousands digit of 3738344?
8
What is the tens digit of 555414?
1
What is the thousands digit of 9832870?
2
What is the thousands digit of 2445479?
5
What is the ten thousands digit of 321807?
2
What is the units digit of 2496956?
6
What is the hundred